 q be j(l). Let h(b) = b**2 - 8*b + 12. Give h(q).
-3
Suppose 0 = 64*o - 42*o. Let t(f) = 6*f - 16. What is t(o)?
-16
Let r = 20 + -8. Suppose r*i = 7*i + 40. Let h(o) = 3 - 2*o + 0*o + i*o - o. Determine h(-3).
-12
Let p(t) = t + 24. Let n be ((-98)/(-18) - 48/108)/(2/(-4)). What is p(n)?
14
Suppose 28*p - 29*p = n - 1, 0 = 5*n + p - 13. Let g(h) be the first derivative of -h**n - 1/4*h**4 - 13 + 3*h**2 + 3*h. Calculate g(-4).
-5
Let y(a) = 27*a + 106. Suppose -8*f = 27*f + 18*f + 212. Determine y(f).
-2
Let x(h) be the second derivative of h**4/12 - 9*h**2/2 - h. Let c be 96/(-3120) + 2265/(-325). What is x(c)?
40
Suppose -4*j + 2*j = -52. Let y(d) = 2*d + 36 - 65 + 30 + 2*d**2 - j*d**3. Determine y(-1).
27
Let m(u) = -u**2 - 2*u + 21. Let n be m(-5). Let t(q) = -3*q - 2 + n*q + 4 - q**2 - 4. Give t(2).
0
Let m(v) = 13*v + 17. Let f(d) = 9*d - 1. Let o(j) = 2*f(j) - m(j). Calculate o(7).
16
Let z(a) = 24*a - 76. Let t(q) = -23*q + 99. Let x(j) = -3*t(j) - 2*z(j). Determine x(7).
2
Suppose -30 - 20 = -2*s. Suppose -3*o = 2*o - s. Let g(i) = o*i - 1 - 5*i - i**2 - 4*i. Determine g(-5).
-6
Suppose 0 = -99*m - 82*m + 3982. Let u(a) be the second derivative of m*a + 0 + 1/2*a**2 - a**3. Calculate u(2).
-11
Let z(c) = -c**3 - 8*c**2 - 3*c. Let i be 0 + -5 + (-15)/(1 - 4). Suppose 4 = 4*g, 4*r + 3*g = -29 - i. What is z(r)?
24
Let m(n) = n + 6. Suppose -21 - 6 = 3*j. Let t(r) = r**3 - 4 - r - 7*r**3 + r**3 - 9*r**2 + 4*r**3. Let b be t(j). What is m(b)?
11
Let n(p) = 27*p**2 + 7*p - 6. Let x(z) = 61*z**2 + 17*z - 13. Let f(v) = -9*n(v) + 4*x(v). Determine f(-6).
8
Let t(q) = 7715 - 12*q + 10*q - 7747. What is t(-18)?
4
Let a = 15 + -12. Suppose -3*h + 4 = 4*l, 5*h + 2*l = a + 13. Let j be (h/24)/(1*2/12). Let y(r) = -6*r**3 - 1. Give y(j).
-7
Let d(k) = 12*k - 13. Let s = 248 - 251. Let y(o) = -7*o + 8. Let p(x) = s*d(x) - 5*y(x). What is p(-9)?
8
Suppose 2*s - 3 = -m, -s - 41 = 4*m - 74. Let a(z) = -z**3 + 11*z**2 - 17*z + 9. Determine a(m).
18
Let s be (-99)/231*7/(-1). Let i(t) = -2*t**s - 16 + t**3 - 7*t - t + 13 - 9*t**2. Determine i(-8).
-3
Let c(f) be the third derivative of 7*f**5/60 - 19*f**4/24 - f**3/6 + 1749*f**2. What is c(3)?
5
Suppose 168 = 7*s - 0*s. Suppose 0*c = -3*c - s. Let p(k) = k**2 + 7*k - 6. Give p(c).
2
Let i(w) = -2*w**3 - 3*w**2 + 3*w + 4. Suppose -16 = 4*a, 2*u + 767 - 765 = a. Determine i(u).
22
Let r(s) = 205*s - 20. Let h be r(2). Let x(o) = -2*o - h + 395 + o. Give x(3).
2
Let y = -15/464 + 451/1392. Let x(l) be the third derivative of -1/2*l**3 - y*l**4 + 0 - 8*l**2 + 0*l - 1/60*l**5. Calculate x(-3).
9
Let b be ((-239)/(-2))/((-3)/(-6)). Suppose -4*v - 3*l = -258, 4*v + 4*l - b = 21. Let d be (-20)/(-7) + 9/v. Let r(f) = -f + 2. What is r(d)?
-1
Let m(b) be the third derivative of -7*b**5/20 + 5*b**4/24 + 5*b**3/6 - 1540*b**2. Give m(-1).
-21
Let z(v) = -13*v + 7 + 27 + 13 - 17 + 15*v. What is z(-13)?
4
Let s(r) = 85 + 5 - 87 - 7*r**2 - r - 30*r - 6*r. Calculate s(-5).
13
Let x(k) = -k**2 - 5*k + 14. Let f(u) = -u + 1. Let r(l) = 5*f(l) - x(l). Suppose 240*o = 547*o - 248*o. Determine r(o).
-9
Let h(q) = q**3 + 10*q**2 + 18*q + 7. Let i be (0 - 12)*((-224)/42 + 6). What is h(i)?
-9
Let w(m) be the third derivative of m**7/840 - m**6/360 - m**5/120 + 2*m**4/3 - 73*m**3/2 - 2*m**2 + 19*m. Let o(y) be the first derivative of w(y). Give o(0).
16
Let h(o) = -78*o**2 - 2*o - 5. Let r(f) = 39*f**2 + f + 3. Suppose 3*c = -2*u - 19, 12*u = -c + 10*u - 13. Let a(p) = c*h(p) - 5*r(p). Give a(1).
40
Let o(v) = -515*v + 387. Let t(m) = 188*m - 129. Let c(s) = 3*o(s) + 8*t(s). Calculate c(3).
6
Let a(j) = 16*j - 95 + 266 - 94 - 88. What is a(-5)?
-91
Let p = 58 - 65. Let z(m) = m**2 - 9*m + 10. Let u(c) = -c**2 + 18*c - 20. Let a(n) = -3*u(n) - 5*z(n). What is a(p)?
-25
Let s(h) be the second derivative of h**5/20 + 7*h**4/12 - 2*h**3/3 + h**2 - h. Let n be -7*(528/(-20) - -26)*(-10)/4. What is s(n)?
30
Let v(u) = -19*u + 1. Let i = -168 - -188. Let r be 5/i + 20/(-16). Calculate v(r).
20
Let b(j) = j**3 + 5*j**2 + j + 7. Let z be (6 - 0) + -5 - -1. Suppose 4*g + 24 = 16*v - 20*v, 0 = z*v + 5*g + 15. Determine b(v).
2
Let a(i) = i**2 - 245*i + 9449. Let v be a(48). Let b(l) be the second derivative of -l**5/20 - 2*l**4/3 - 3*l**3/2 - 4*l**2 - 4*l. Calculate b(v).
6
Let f(n) = -n**3 - 4*n**2 + 5*n - 4. Let j be 3 - (104/18 - (-8)/36). Let h be ((-7)/3 - j)*30/4. Let v be ((-1)/3*-6 - h) + -2. Determine f(v).
-4
Let q = -187 + 193. Let o be (-10 - (-87)/q)*4/3. Let d(r) = -8*r + 8. Calculate d(o).
-40
Suppose -5*t - 6*v - 7 = -5*v, 5*t + 3 = v. Let p(f) be the third derivative of 7*f**5/20 - f**3/6 - 14*f**2. Calculate p(t).
20
Let d(c) = 5*c**2 + 5*c - 8. Let l(z) = -24*z**2 - 24*z + 39. Let v(m) = 19*d(m) + 4*l(m). Give v(0).
4
Let v(o) = o**2 + 7*o - 1. Let h(g) = g + 1. Let x(b) = 2*h(b) + v(b). Suppose 0 = -54*q + 13 - 499. What is x(q)?
1
Let s(r) = r - 3*r**2 + 490*r**3 + 9*r**2 - 491*r**3 - 4. Let d be 84/(-1470) - 424/(-70). Determine s(d).
2
Let b(v) be the first derivative of -v**4/4 + 5*v**3/3 + v**2/2 - 5*v - 5. Suppose -f - r = 4, 4*f + r + 7 - 18 = 0. What is b(f)?
0
Let b be (1 - 6*1) + (22 + -58)/(-6). Let q(u) be the second derivative of 1/3*u**3 - 1/2*u**2 + 1/3*u**4 + 0 + u. Determine q(b).
5
Suppose -13*g - 22 = -24*g. Let h(j) = 7*j**2 - g + j**3 - j + 7*j**2 - 7*j**2. What is h(-7)?
5
Let h(s) = -14*s**3 - 32*s**2 - 29*s + 10. Let z(b) = 5*b**3 + 11*b**2 + 10*b - 3. Let r(y) = 6*h(y) + 17*z(y). Let u = 3 - 3. Let o = u + 6. What is r(o)?
21
Let z(v) = 24 + 10 - 82 - 3*v**2 + 30 + 22*v. Calculate z(8).
-34
Let l(j) = 0*j**2 - 188*j**3 + 441 + 14*j**2 + 187*j**3 - 450 - 10*j. What is l(13)?
30
Let h(o) = -o + 5. Let q(n) = -2*n + 1. Let u(b) = 103*b - 8. Let m(f) = -3*q(f) - u(f). Let r be m(-1). Let p = r + -96. What is h(p)?
-1
Let i(o) = -5*o**3 + 7*o**2 - 6*o + 7. Let d(w) = w**3 + w - 1. Let b(s) = 4*d(s) + i(s). Let n = 32787 - 32781. Calculate b(n).
27
Let x(s) be the second derivative of -s**5/20 - 23*s**4/12 - s**3/6 - s**2 + 488*s + 2. Determine x(-23).
21
Let l(j) = -5*j**2 - 2*j + 4*j**2 - 121422230 + 121422228 - j**3. Let f be (2 + -2)/(-1) - 0. Suppose -4 = m - 2*g, f*m + 4*g = -5*m - 6. Calculate l(m).
6
Let x(o) = 8*o - 47. Let u(c) = 241*c - 956. Let f be u(4). Determine x(f).
17
Let x(o) be the first derivative of -o**3/3 + 13*o**2/2 - 5*o - 2. Suppose 29*d - 48 = 25*d + 3*g, -d = -5*g - 29. Give x(d).
31
Let r(t) = -t**2 + 9*t - 15. Let p be r(6). Let v(z) = -2*z - 1. Let q(a) = -8*a + 1. Let k(o) = p*v(o) - q(o). Determine k(6).
8
Suppose 164*z - 38 - 320 = 298. Let m(l) be the third derivative of 0 - 1/10*l**5 - 9*l**2 - 1/8*l**z + 1/2*l**3 + 0*l. What is m(2)?
-27
Let a(r) be the third derivative of r**5/60 - 3*r**4/8 - 3*r**3/2 + 24*r**2. Let f(m) = 7*m - 42. Let d be f(7). Determine a(d).
-23
Let k(q) = -383 - 908*q + 352 + 899*q + q**2. Calculate k(10).
-21
Let j(i) be the third derivative of i**6/120 - i**5/30 - i**4/4 + 8*i**3/3 + 701*i**2. Determine j(2).
4
Let s(x) = 23 + 28*x - 164 + 3 + 4 + 166. Determine s(-1).
4
Suppose a + 5 = 23. Let y = a + -16. Let f(w) = w + 2 - 228*w**y + 0*w + 221*w**2 - 1. Calculate f(-1).
-7
Let s(c) be the third derivative of -c**6/120 - c**5/15 - c**4/12 + c**3/3 - 3*c**2. Suppose 166*i - 168*i = -4*p - 16, 3*i = -3*p - 12. Give s(p).
10
Let s(y) be the second derivative of y**4/12 + 7*y**3/6 - 5*y**2/2 + 2*y. Let d be 22121/121 - 3/((-99)/6). Let v = 176 - d. What is s(v)?
-5
Let j(m) = 21 + 4726*m + 4712*m + 4712*m - 14185*m. Give j(4).
-119
Let v(i) be the first derivative of -i**3 + 3*i**2/2 + 112*i - 31. Let a(h) be the first derivative of v(h). Give a(2).
-9
Suppose t - 2 + 0 = 0, 34 = -3*a - 4*t. Let y = a + 19. Let h(o) = y*o**3 + 0 - 2 - 4*o**3 + o**2 + 0*o - o. What is h(-2)?
-4
Let q(c) be the second derivative of 0 + 0*c**3 + 0*c**2 - 13/12*c**4 - 1/20*c**5 + 6*c + 1/240*c**6. Let u(n) be the third derivative of q(n). Determine u(4).
6
Let v(f) = 173*f - 5877. Let r be v(34). Let i(m) = -20*m + 72. Calculate i(r).
-28
Let v(h) = h**3 - 17*h**2 + 31*h - 21. Let y be v(15). Let l(s) = s**3 + 5*s**2 - 5*s + 4. Calculate l(y).
-2
Let k(b) = 4*b - 5. Suppose -1094 = -145*l - 46*l - 139. Give k(l).
15
Let u(y) = y**2 + 4*y - 4. Let w(p) =